What is the units digit of h?
5
Let g = -14 + 23. Suppose w - 14 - g = 0. What is the tens digit of w?
2
Let y = -27 - -52. Suppose -4*r = 5*x - y + 2, 5*r - 3*x - 38 = 0. Suppose 3*i = 2 + r. What is the units digit of i?
3
Let t = 3 + -2. What is the units digit of 1*(-3 + t + 15)?
3
Let j(m) be the third derivative of 11*m**4/24 - m**3/6 - 3*m**2. What is the tens digit of j(1)?
1
Let w be 323/13 + 16/104. Suppose -5*d + 5 = -w. What is the units digit of 4/d*-2*-6?
8
Let n(w) = -34*w**3 + w**2 + w. Let t be n(-1). Suppose -o + 3*o = t. What is the units digit of o?
7
Let w(j) = -12*j + 21. Let h(g) = 4*g - 7. Let b(q) = -17*h(q) - 6*w(q). What is the units digit of b(5)?
3
Let n(o) be the third derivative of o**5/60 - o**4/12 + o**3/3 + 4*o**2. What is the units digit of n(5)?
7
Suppose 0 = t - 2*t. Let d(q) = -q + 16. What is the units digit of d(t)?
6
Let h = 84 + -4. What is the tens digit of h?
8
Let n = 173 + -106. What is the units digit of n?
7
Let r = -3 + 1. Let x(q) = 0 - 2*q**2 - 3*q + 3*q**2 - 4 + 2. What is the units digit of x(r)?
8
Let u be 3 - 3/((-6)/(-76)). Let t = u - -25. What is the units digit of t/(-3) + 4/6?
4
Let s(v) = -v + 7. Suppose 4*d + 5 = 17. Let y be -1 + 2 + -4 + d. What is the units digit of s(y)?
7
What is the tens digit of 5/(30/(-1584))*-1?
6
Let k = 4 - 1. Suppose k*j = -d - 1, 0*d - 4*j + 12 = 3*d. Let a = 15 - d. What is the units digit of a?
7
Let u be ((-50)/6)/(3/(-18)). Suppose 2*n = -1 - 9, -u = -2*s + 4*n. What is the units digit of -5*((-54)/s - -2)?
8
Let o(u) be the third derivative of 13*u**7/2520 - u**6/720 + u**4/12 + 3*u**2. Let b(c) be the second derivative of o(c). What is the tens digit of b(1)?
1
Let l(q) be the third derivative of q**7/5040 + q**6/720 - q**5/60 - q**2. Let v(y) be the third derivative of l(y). What is the units digit of v(5)?
6
Suppose 0 = 2*z - z - 3*c - 153, 5*z = -3*c + 711. What is the tens digit of z?
4
Let r(d) = d + 1. Suppose -h - 4*h - 13 = 3*b, 0 = -h + 2*b. Let u be h/(-5) - 36/(-10). What is the units digit of r(u)?
5
Let p = 8 - 2. What is the units digit of p?
6
Let x(r) = r**3 - 7*r**2 - 7*r - 7. Let k be x(8). Let w = k + 23. What is the units digit of w?
4
Suppose 5*y = -z + 803, 333 = 2*y + 2*z + 15. What is the tens digit of y?
6
Suppose -3*x + d + 234 = -d, 5*x = -5*d + 365. What is the tens digit of x?
7
Let m = 21 + -31. Suppose -18 = 3*f - 3. Let a = f - m. What is the units digit of a?
5
Suppose 0 = 4*d + 30 + 6. Let y(p) = -4*p - 5. What is the tens digit of y(d)?
3
Suppose 0 = 3*w - 0*w - 3. What is the tens digit of (-88 + w)*16/(-48)?
2
Suppose 3*h - 5*h = 0. Suppose 0 = -h*z + 2*z - 2. What is the units digit of z?
1
Let f = 16 + -26. Let v = f + 28. What is the tens digit of v?
1
Let l(r) = -r**2 + 12*r + 5. Let k be l(9). Let v = -20 + -3. Let z = k + v. What is the units digit of z?
9
Suppose 0 = -2*a + 2*c - 7*c + 71, -4*a + 3*c = -155. Let x = a - 22. What is the tens digit of x?
1
Let n be 29/(-1)*2/(-2). Suppose -42 = 3*h - 6. Let i = n + h. What is the units digit of i?
7
Suppose -o + 4*o = 0. Suppose o = 2*y + 3*y - 15. Let f = 5 - y. What is the units digit of f?
2
Let y(o) = -12*o**3 - o**2 + 1. Let f be y(1). Suppose 3*l - 59 = -2*v, 0 = -5*l - 5*v + 33 + 62. Let t = l + f. What is the units digit of t?
9
Suppose 2 = -c + 12. What is the units digit of (c*5)/(6 + -4)?
5
Let v = 75 + -53. Let l = 40 - v. What is the tens digit of l?
1
Suppose 5*g = 38 - 8. Let w(m) = -m - 1. Let n(l) = 7*l + 13. Let k(d) = g*w(d) + n(d). What is the units digit of k(-6)?
1
Let b be (-5 - (-1 - 0))/(-2). Suppose 0 = -b*s - s + 4*r - 7, 5 = -5*s + 5*r. Suppose -h + 36 = 5*x, s*x + 5*h - 9 = 17. What is the units digit of x?
7
Suppose o - 3*o = -128. What is the units digit of o?
4
Let t(l) be the third derivative of l**7/2520 - l**6/90 + l**5/24 + l**4/24 + 2*l**2. Let r(j) be the second derivative of t(j). What is the tens digit of r(9)?
1
Suppose 0 = -i - 2*m + 252, m + 469 = 2*i - 2*m. What is the tens digit of i?
4
Let x(a) = -a**2 + 2*a + 6. Let f be x(-6). Let j = 73 + f. What is the units digit of j?
1
Let y(t) = -t**3 - 13*t**2 + 13*t + 6. Let o(l) = -3*l - 10. Let i be o(-8). Suppose -n + 0 - i = 0. What is the units digit of y(n)?
0
Suppose 0 = 2*x + 2*x. Let q be x*((-1)/1 + 0). What is the units digit of (1 + q)*3/3?
1
Suppose -2*l = -j + 2*j - 83, 5*l - 4*j - 214 = 0. What is the tens digit of l?
4
Let x be -3*(-1)/6*0. Suppose -q - m = -5, x*q = 2*q - 4*m - 28. What is the units digit of q?
8
Let n(h) = -h**3 - 19*h**2 - 20*h + 20. What is the units digit of n(-18)?
6
Suppose 5*f = -0*f - 25, 5*v + 20 = -4*f. Let y be (v - 1) + 2 + 1. Suppose -30 = y*n - 7*n. What is the units digit of n?
6
Let y(n) = -1 + n**2 - 64*n**3 + 6*n**3 + 14*n**3 + 13*n**3. What is the units digit of y(-1)?
1
Let z be 3/2*-2*1. Let r(a) = -4*a - 2. What is the tens digit of r(z)?
1
Suppose -4*h + 0 = -3*q + 1, -5*q + 4*h + 7 = 0. Suppose 3*c - 21 = -q. What is the units digit of c?
6
Let o(k) = -k**3 + k**2 + 4*k - 3. Suppose 32 = 3*u + 2*b, 0*b + 2*b - 52 = -5*u. Suppose -2*m = -7*m + u. What is the units digit of o(m)?
1
Let x be (2/(-3))/((-2)/51). Let g = x - 9. What is the units digit of g/2*(-2)/(-8)?
1
Suppose -g = -c - 6*g + 165, 745 = 5*c + 5*g. What is the units digit of c?
5
Let q = 76 - 23. What is the units digit of q?
3
Let q(g) = -2*g**2 + 9*g + 1. Let b be q(7). Let z = -18 - b. What is the units digit of (z + 6/(-3))/2?
7
Let o = 24 - 11. What is the units digit of o?
3
Let f = 6 + 22. Let z = -20 + 20. Suppose z*g - v = -2*g + f, 5*g = -2*v + 88. What is the units digit of g?
6
Let d be (2 - 8)*4/(-12). What is the units digit of d + 0 + 2 + -2?
2
Suppose -2*l - 236 = -0*l. Let d = -168 - l. What is the units digit of 6/(-18) - d/6?
8
Let s(r) = -4*r**2 + 4*r - 1 + 5*r**2 - 1. Let a be s(-6). Suppose -5*n + 40 = a. What is the units digit of n?
6
Let i be 2*3 + (-3)/3. Suppose -z - 2*z = -i*v + 30, z = 3*v - 14. Suppose 3*c - 4*w - 27 = w, -v*w - 9 = 0. What is the units digit of c?
4
Let n(i) = -i**3 - 4*i**2 + 5*i + 1. Let c be n(-5). Let y = c + 2. What is the units digit of y?
3
What is the tens digit of 1 + 39/(-1 - -2)?
4
Let p(m) = -m**2 + 5*m - 3. Let d = -5 + 8. Let y be p(d). Let b = y + 2. What is the units digit of b?
5
Let d = 65 + -38. What is the units digit of d?
7
Let p(d) = -d**3 - 7*d**2 - 2*d - 12. Let h be (-6)/9 - 22/3. Let j be p(h). Suppose -3*n = 12, -3*n - j = -5*r - n. What is the tens digit of r?
1
Suppose -5*l - 4*x = -361, -4*l + 4*x + 293 = 3*x. What is the units digit of l?
3
Let b = -10 - -16. What is the units digit of (b + 1 + 0)/1?
7
Let k be ((-16)/5)/(2/(-25)). Suppose 0 = 2*v + i - k, -4*v + 52 = -4*i - i. What is the units digit of v?
8
What is the tens digit of ((-3)/1)/3*-89?
8
Suppose -4*f - 643 = 5*m - 3*f, -3*m - 390 = 2*f. What is the tens digit of (-2)/(-6) + m/(-12)?
1
Let b = 2 - 4. What is the units digit of (1/b)/(2/(-20))?
5
Suppose 0 = z + 4, -4*c = 2*z - 7*z - 120. What is the units digit of c?
5
Let l(o) = o**3 - 12*o**2 - 12*o + 3. What is the units digit of l(13)?
6
Let m = 52 + 122. Suppose -r = -4*g + m, 4*r = 2*g - 89 + 9. What is the tens digit of g?
4
Suppose -3*k = 5*v - 12 - 19, 5*k = 4*v - 10. What is the units digit of (0 - -10) + k + -2?
0
Suppose 5*l - 5*s = 490, 0*s = 5*l + 5*s - 490. Suppose 0 = 3*d + 11 - l. What is the tens digit of d?
2
Suppose -5*p + 2*v = -1, -3*p + 3*v + 6 = -0*p. Let d(t) be the second derivative of -7*t**3/6 - t**2/2 - t. What is the units digit of d(p)?
6
Let k = 25 + -35. Let q = 15 + k. What is the units digit of q/(-1)*(-2)/5?
2
Suppose 0 = -4*d - 17 - 23. Let k = -6 - d. Suppose -7 = 3*r - k*r. What is the units digit of r?
7
Suppose -70 = -5*a + 140. Suppose c = -c + a. What is the units digit of c?
1
Suppose 9*v - 21*v + 1740 = 0. What is the hundreds digit of v?
1
Let i(s) = 5*s - 1. Let l be i(1). Let x = -8 + l. Let r = 6 + x. What is the units digit of r?
2
Suppose 4*n - 380 + 140 = 0. What is the tens digit of n?
6
Let j(d) = -4*d + 16. What is the units digit of j(-11)?
0
Let b be (-7 + 19)*4/(-3). Let r be b/(-10) + (-4)/(-10). Suppose 4*f = -3*i + 13 + 12, -r*i = -2*f + 2. What is the units digit of f?
4
Let g(w) = 18*w - 4